 -2*r + 2*n = -4*r + 28, r - 4*n = 9. Let u be (-76)/(-14) + ((-10)/7 - -1). Calculate the greatest common factor of u and r.
1
Suppose 4*h + 5*d + 6 + 17 = 0, -h - 12 = -5*d. Let c be 253 + (4 + h - -3). What is the greatest common divisor of 23 and c?
23
Let t = -17344 + 17443. Calculate the highest common factor of 2673 and t.
99
Suppose -3*u = -3*w - 147, -2*u + 20*w - 17*w = -97. Let x be u - 1 - 4/(-4). Calculate the greatest common factor of x and 225.
25
Suppose -1807 = -64*p + 921 + 536. What is the greatest common divisor of 471 and p?
3
Let z be 4*1 + (-8 - -5). Let x(r) = -r + 1. Let n be x(z). Suppose -2*d + 251 + 145 = n. What is the greatest common factor of 18 and d?
18
Suppose -f - 4*s - 24 + 65 = 0, s = -2*f + 131. Calculate the highest common divisor of f and 1150.
23
Suppose -188 = -4*z + 4*g, 5*z + 4*g = -0*z + 226. Calculate the greatest common factor of 5106 and z.
46
Suppose 48 = 2*j - 18. Suppose 11*a = 14*a - j. Let y be (-6)/9*(-1089)/6. What is the highest common divisor of a and y?
11
Suppose -74 = 9*c - 11*c. Suppose a = 2*q - c, 4*a + q + 130 = -a. Let r be -1*5 + (82 - a). Calculate the greatest common factor of r and 260.
52
Suppose 3*b + g - 4*g = 261, 5*b + 2*g - 456 = 0. Suppose 0 = -2*p + 4*p - 120. Calculate the highest common factor of b and p.
30
Suppose 36*s - 43*s + 21 = 0. Suppose -2*j + o + 472 = 0, -o + 14 - 723 = -s*j. What is the highest common factor of 3 and j?
3
Let y = -77711 + 77723. Let r = -88 - -388. What is the greatest common factor of y and r?
12
Let m(n) be the first derivative of 3*n**4/4 + 3*n**2/2 - 2*n - 50. Let l be m(2). What is the greatest common factor of l and 8?
4
Let y be -15 - (-840)/(26/13). Calculate the greatest common divisor of y and 486.
81
Let i = 175 - 115. Let l be -120*(70/21 - (-8)/(-2)). What is the greatest common divisor of i and l?
20
Let o(i) = -85*i**2 - 1370*i - 18. Let d be o(-16). Calculate the greatest common divisor of d and 10082.
142
Let t(f) = -336*f**3 + 2*f**2 + 47*f + 151. Let i be t(-3). Calculate the greatest common factor of i and 14.
14
Let n = 18 - 4. Suppose 3*o - 14 = -a + 5*o, -5*a = o - 70. Calculate the greatest common factor of n and a.
14
Suppose -7*j - 39 = -81. What is the greatest common factor of j and 214?
2
Let y be (20/(-100))/((-5)/4375). Calculate the highest common divisor of 475 and y.
25
Let c = -2129 - -2171. What is the greatest common divisor of 6342 and c?
42
Let p = -164 - -257. What is the highest common factor of p and 3379?
31
Suppose g + 19171 + 11309 = 16*g. What is the highest common factor of g and 889?
127
Let n be (1 - 7) + 53/(901/(-408)). Let z(c) = 15*c**2 - 2*c - 2. Let o be z(2). Let y be (o/5)/((-9)/n). What is the highest common factor of y and 18?
18
Let k = 6230 - 5762. What is the greatest common divisor of 52 and k?
52
Let p = -6744 + 15760. What is the greatest common factor of p and 276?
92
Let x be (-640)/(-25)*(-10)/4. Let l be (13 + -22)*(x - 1)/1. Calculate the greatest common divisor of 13 and l.
13
Suppose -16*n + 21*n = 35. Let o(s) = -s**2 + 11*s + 1. Let v = -32 - -43. Let w be o(v). Calculate the highest common divisor of n and w.
1
Let d(z) = 25*z**2 + 44*z - 82. Let j be d(19). What is the highest common factor of j and 11?
11
Let n be 3072/120*70/14. Let h = 71 + -31. What is the greatest common factor of n and h?
8
Let g(y) be the second derivative of 3*y**3/2 - 12*y**2 - 525*y. Let j = -7 - -12. Let x be g(j). Calculate the greatest common divisor of 6 and x.
3
Let p = -2687 - -2732. Suppose -5*j + j = -16. Suppose -i = -j - 5. What is the highest common divisor of p and i?
9
Let z = -9364 + 9404. Let f be -100*(1 + 0 + -3). Calculate the highest common divisor of z and f.
40
Let f(i) = -2*i**3 - 3*i**2 + 5*i + 16. Let b be f(-7). Suppose 5*a - b - 7300 = 0. What is the highest common factor of 68 and a?
68
Suppose 0 = -5*h + 214 - 4. Let i(q) = q**3 + 12*q**2 + 17*q + 12. Let x be 8/(-12)*(6 + 0) + -2. Let l be i(x). What is the greatest common divisor of l and h?
42
Suppose -1252*z = -1343*z + 12922. What is the greatest common divisor of 4331 and z?
71
Let a = -32982 - -33012. What is the greatest common divisor of 14340 and a?
30
Let o(i) = 9*i**3 - 2*i**2 + 2. Let c be o(2). Let l = 9 - c. Let y = l - -88. Calculate the highest common factor of y and 124.
31
Let i(n) = 9*n + 5. Let j be i(5). Let u(b) = -b**2 - 40*b + 59. Let s be u(-41). Let d = j - s. Calculate the greatest common divisor of 16 and d.
16
Let k(x) = x**2 + 22*x - 44. Let d be k(-24). Suppose d*z - 255 = 61. Let u = z + -39. What is the highest common factor of u and 360?
40
Suppose -85*l + 4 = -83*l. Suppose 72 = l*q + 5*b, -b = 2*q + 3*b - 72. Calculate the greatest common factor of 63 and q.
9
Let t(j) = j + 1. Let f be t(1). Let k(v) = -1 + 3*v + 23*v**3 - 1 - 4*v - v**2 + 4. Let i be k(f). What is the highest common factor of 36 and i?
36
Let w be 44/1*27/(-72)*2. Let d(r) = -r**3 - 33*r**2 - 5*r - 33. Let f be d(w). Calculate the highest common divisor of 330 and f.
66
Let p(l) = 10*l - 408. Let o be p(48). Let j = -66 + o. Calculate the greatest common factor of j and 12.
6
Suppose 663 = -7*w + 145. Let n = w + 170. What is the greatest common divisor of n and 72?
24
Suppose -81*x + 4198 = -176. What is the greatest common divisor of 13716 and x?
54
Let w be 180/186 + 26/806. Suppose 5*y + 1 + 14 = 0. Let f = 4 + y. What is the highest common divisor of f and w?
1
Suppose 24*h - 2063 = 241. Calculate the greatest common factor of h and 784.
16
Let p = 16737 - 16696. Let y(q) = -2*q**3 + 2*q**2 + 8*q - 5. Let j be y(-6). What is the greatest common factor of j and p?
41
Suppose -801 = -15*o - 51. What is the highest common factor of 32 and o?
2
Let z(s) = 236*s - 3366. Let o be z(15). What is the greatest common divisor of 57 and o?
3
Let n(y) = y**2 - 3*y - 40. Let q be n(8). Suppose q = -5*x - 64 - 1046. Let c be (x/(-42) + -1)*42. Calculate the highest common divisor of 20 and c.
20
Let q = 269 - 81. Suppose 12 + q = 5*k. Suppose -232 = -4*l + 4*v, 7*l - 2*l = 2*v + 296. Calculate the greatest common factor of k and l.
20
Let l(z) = -4*z**3 - 4*z**2 + z - 1. Let h be l(-4). Let d(t) = t**3 - 6*t**2 + 11*t - 115. Let i be d(7). What is the highest common factor of h and i?
11
Let q(a) be the first derivative of 2*a**3 - 2*a**2 + 3*a - 29 - 1/4*a**4. Let x be q(3). Calculate the highest common divisor of 45 and x.
9
Let m = -12271 + 15494. What is the greatest common divisor of 22 and m?
11
Let y be 397/4 + ((-28)/16)/7. Suppose -178*d = -175*d - y. What is the highest common divisor of d and 3?
3
Suppose o = 3*o + 3*q - 1377, -o = 5*q - 685. Calculate the greatest common divisor of 276 and o.
138
Let v = -72 - -75. Suppose -v*b - 1150 = -5*b - 2*o, 0 = b - 2*o - 578. What is the greatest common factor of b and 18?
18
Let b be 12/18*-9 - 69*-2. What is the greatest common divisor of 1776 and b?
12
Let t(w) = -31*w - 2106. Let s be t(-70). What is the highest common factor of s and 44?
4
Let h be (104/12)/1 + 96/(-144). Calculate the highest common divisor of h and 2744.
8
Let x = 2 + 1. Suppose 4*i - 102 = -2*n, -2*n - 494*i + 496*i = -24. What is the highest common divisor of x and n?
1
Suppose -9*v - 6*v + 735 = 0. Suppose 46*l = v*l - 27. What is the greatest common factor of l and 144?
9
Let q be (-6)/(-8) + -138*2/(-16). Let n be -4 - 225/q*-10. What is the highest common divisor of 44 and n?
11
Let h be 2*124*8*(-369)/(-288). What is the highest common factor of h and 164?
82
Let n be 14 - (0/(-3) - -2). Let y be (4*147/(-140) + -1)*-30. What is the highest common divisor of n and y?
12
Suppose 1299 = 16*a - 285. Suppose -510 = -a*g + 84*g. Let c be 2*2*2/4. What is the highest common factor of c and g?
2
Let q be 92*((-18)/8)/((-18)/12). Suppose -5*w + 3*w - 2*y = -144, 2*w - y - q = 0. Suppose -10 = 3*l - 94. What is the greatest common divisor of l and w?
14
Let c = 80 + -61. Suppose -c = -5*j + 41. Suppose j = 2*g - 0. What is the highest common divisor of g and 30?
6
Let b be (33/(-36)*-3)/(3/12). Let t = 22 - b. Let v(o) = 21*o - 31. Let l be v(2). Calculate the highest common factor of t and l.
11
Let u(b) be the third derivative of -b**6/120 - b**5/20 + b**4/4 - 2*b**3/3 + 19*b**2 - 